{"id":16,"date":"2025-10-19T00:57:05","date_gmt":"2025-10-18T22:57:05","guid":{"rendered":"https:\/\/berelt.kamiljuszczak.pl\/?page_id=16"},"modified":"2025-10-20T15:59:18","modified_gmt":"2025-10-20T13:59:18","slug":"strona-glowna","status":"publish","type":"page","link":"https:\/\/berelt.kamiljuszczak.pl\/","title":{"rendered":"Strona g\u0142\u00f3wna"},"content":{"rendered":"\t\t<div data-elementor-type=\"wp-page\" data-elementor-id=\"16\" class=\"elementor elementor-16\" data-elementor-post-type=\"page\">\n\t\t\t\t<div class=\"elementor-element elementor-element-42050ae e-con-full e-flex e-con e-parent\" data-id=\"42050ae\" data-element_type=\"container\" data-settings=\"{&quot;background_background&quot;:&quot;video&quot;,&quot;background_video_link&quot;:&quot;https:\\\/\\\/berelt.kamiljuszczak.pl\\\/wp-content\\\/uploads\\\/2025\\\/10\\\/tlo-h265_1.mp4&quot;,&quot;background_video_start&quot;:10,&quot;background_video_end&quot;:70,&quot;background_play_on_mobile&quot;:&quot;yes&quot;}\">\n\t\t<div class=\"elementor-background-video-container\" aria-hidden=\"true\">\n\t\t\t\t\t\t\t<video class=\"elementor-background-video-hosted\" autoplay muted playsinline loop><\/video>\n\t\t\t\t\t<\/div>\t\t<div class=\"elementor-element elementor-element-a16d909 elementor-widget elementor-widget-heading\" data-id=\"a16d909\" data-element_type=\"widget\" data-widget_type=\"heading.default\">\n\t\t\t\t\t<h1 class=\"elementor-heading-title elementor-size-default\">Here's  main header<\/h1>\t\t\t\t<\/div>\n\t\t\t\t<div class=\"elementor-element elementor-element-4b0d576 elementor-widget elementor-widget-text-editor\" data-id=\"4b0d576\" data-element_type=\"widget\" data-widget_type=\"text-editor.default\">\n\t\t\t\t\t\t\t\t\t<p>We will put some text here, to show what does the company do?<\/p>\t\t\t\t\t\t\t\t<\/div>\n\t\t\t\t<\/div>\n\t\t\t\t<\/div>\n\t\t","protected":false},"excerpt":{"rendered":"<p>Here&#8217;s main header We will put some text here, to show what does the company do?<\/p>\n","protected":false},"author":1,"featured_media":0,"parent":0,"menu_order":0,"comment_status":"closed","ping_status":"closed","template":"","meta":{"site-sidebar-layout":"no-sidebar","site-content-layout":"","ast-site-content-layout":"full-width-container","site-content-style":"default","site-sidebar-style":"default","ast-global-header-display":"","ast-banner-title-visibility":"","ast-main-header-display":"","ast-hfb-above-header-display":"","ast-hfb-below-header-display":"","ast-hfb-mobile-header-display":"","site-post-title":"disabled","ast-breadcrumbs-content":"","ast-featured-img":"disabled","footer-sml-layout":"","theme-transparent-header-meta":"","adv-header-id-meta":"","stick-header-meta":"","header-above-stick-meta":"","header-main-stick-meta":"","header-below-stick-meta":"","astra-migrate-meta-layouts":"default","ast-page-background-enabled":"default","ast-page-background-meta":{"desktop":{"background-color":"var(--ast-global-color-5)","background-image":"","background-repeat":"repeat","background-position":"center center","background-size":"auto","background-attachment":"scroll","background-type":"","background-media":"","overlay-type":"","overlay-color":"","overlay-opacity":"","overlay-gradient":""},"tablet":{"background-color":"","background-image":"","background-repeat":"repeat","background-position":"center center","background-size":"auto","background-attachment":"scroll","background-type":"","background-media":"","overlay-type":"","overlay-color":"","overlay-opacity":"","overlay-gradient":""},"mobile":{"background-color":"","background-image":"","background-repeat":"repeat","background-position":"center center","background-size":"auto","background-attachment":"scroll","background-type":"","background-media":"","overlay-type":"","overlay-color":"","overlay-opacity":"","overlay-gradient":""}},"ast-content-background-meta":{"desktop":{"background-color":"var(--ast-global-color-4)","background-image":"","background-repeat":"repeat","background-position":"center center","background-size":"auto","background-attachment":"scroll","background-type":"","background-media":"","overlay-type":"","overlay-color":"","overlay-opacity":"","overlay-gradient":""},"tablet":{"background-color":"var(--ast-global-color-4)","background-image":"","background-repeat":"repeat","background-position":"center center","background-size":"auto","background-attachment":"scroll","background-type":"","background-media":"","overlay-type":"","overlay-color":"","overlay-opacity":"","overlay-gradient":""},"mobile":{"background-color":"var(--ast-global-color-4)","background-image":"","background-repeat":"repeat","background-position":"center center","background-size":"auto","background-attachment":"scroll","background-type":"","background-media":"","overlay-type":"","overlay-color":"","overlay-opacity":"","overlay-gradient":""}},"footnotes":""},"class_list":["post-16","page","type-page","status-publish","hentry"],"yoast_head":"<!-- This site is optimized with the Yoast SEO plugin v26.1.1 - https:\/\/yoast.com\/wordpress\/plugins\/seo\/ -->\n<title>Strona g\u0142\u00f3wna - \u0141adowarki teleskopowe wynajem i serwis.<\/title>\n<meta name=\"robots\" content=\"noindex, follow, max-snippet:-1, max-image-preview:large, max-video-preview:-1\" \/>\n<meta property=\"og:locale\" content=\"pl_PL\" \/>\n<meta property=\"og:type\" content=\"article\" \/>\n<meta property=\"og:title\" content=\"Strona g\u0142\u00f3wna - \u0141adowarki teleskopowe wynajem i serwis.\" \/>\n<meta property=\"og:description\" content=\"Here&#8217;s main header We will put some text here, to show what does the company do?\" \/>\n<meta property=\"og:url\" content=\"https:\/\/berelt.kamiljuszczak.pl\/\" \/>\n<meta property=\"og:site_name\" content=\"\u0141adowarki teleskopowe wynajem i serwis.\" \/>\n<meta property=\"article:modified_time\" content=\"2025-10-20T13:59:18+00:00\" \/>\n<meta name=\"twitter:card\" content=\"summary_large_image\" \/>\n<meta name=\"twitter:label1\" content=\"Szacowany czas czytania\" \/>\n\t<meta name=\"twitter:data1\" content=\"1 minuta\" \/>\n<script type=\"application\/ld+json\" class=\"yoast-schema-graph\">{\"@context\":\"https:\/\/schema.org\",\"@graph\":[{\"@type\":\"WebPage\",\"@id\":\"https:\/\/berelt.kamiljuszczak.pl\/\",\"url\":\"https:\/\/berelt.kamiljuszczak.pl\/\",\"name\":\"Strona g\u0142\u00f3wna - \u0141adowarki teleskopowe wynajem i serwis.\",\"isPartOf\":{\"@id\":\"https:\/\/berelt.kamiljuszczak.pl\/#website\"},\"datePublished\":\"2025-10-18T22:57:05+00:00\",\"dateModified\":\"2025-10-20T13:59:18+00:00\",\"breadcrumb\":{\"@id\":\"https:\/\/berelt.kamiljuszczak.pl\/#breadcrumb\"},\"inLanguage\":\"pl-PL\",\"potentialAction\":[{\"@type\":\"ReadAction\",\"target\":[\"https:\/\/berelt.kamiljuszczak.pl\/\"]}]},{\"@type\":\"BreadcrumbList\",\"@id\":\"https:\/\/berelt.kamiljuszczak.pl\/#breadcrumb\",\"itemListElement\":[{\"@type\":\"ListItem\",\"position\":1,\"name\":\"Strona g\u0142\u00f3wna\",\"item\":\"https:\/\/berelt.kamiljuszczak.pl\/\"},{\"@type\":\"ListItem\",\"position\":2,\"name\":\"Strona g\u0142\u00f3wna\"}]},{\"@type\":\"WebSite\",\"@id\":\"https:\/\/berelt.kamiljuszczak.pl\/#website\",\"url\":\"https:\/\/berelt.kamiljuszczak.pl\/\",\"name\":\"\u0141adowarki teleskopowe wynajem i serwis.\",\"description\":\"Naprawa i wynajem \u0142adowarek teleskopowych, koparek, si\u0142ownik\u00f3w i rozdzielaczy hydraulicznych. Wynajem z operatorem.\",\"publisher\":{\"@id\":\"https:\/\/berelt.kamiljuszczak.pl\/#organization\"},\"potentialAction\":[{\"@type\":\"SearchAction\",\"target\":{\"@type\":\"EntryPoint\",\"urlTemplate\":\"https:\/\/berelt.kamiljuszczak.pl\/?s={search_term_string}\"},\"query-input\":{\"@type\":\"PropertyValueSpecification\",\"valueRequired\":true,\"valueName\":\"search_term_string\"}}],\"inLanguage\":\"pl-PL\"},{\"@type\":\"Organization\",\"@id\":\"https:\/\/berelt.kamiljuszczak.pl\/#organization\",\"name\":\"\u0141adowarki teleskopowe wynajem i serwis.\",\"url\":\"https:\/\/berelt.kamiljuszczak.pl\/\",\"logo\":{\"@type\":\"ImageObject\",\"inLanguage\":\"pl-PL\",\"@id\":\"https:\/\/berelt.kamiljuszczak.pl\/#\/schema\/logo\/image\/\",\"url\":\"https:\/\/berelt.kamiljuszczak.pl\/wp-content\/uploads\/2025\/10\/logo-ladowarka-teleskopowa-beztla.avif\",\"contentUrl\":\"https:\/\/berelt.kamiljuszczak.pl\/wp-content\/uploads\/2025\/10\/logo-ladowarka-teleskopowa-beztla.avif\",\"width\":743,\"height\":432,\"caption\":\"\u0141adowarki teleskopowe wynajem i serwis.\"},\"image\":{\"@id\":\"https:\/\/berelt.kamiljuszczak.pl\/#\/schema\/logo\/image\/\"}}]}<\/script>\n<!-- \/ Yoast SEO plugin. -->","yoast_head_json":{"title":"Strona g\u0142\u00f3wna - \u0141adowarki teleskopowe wynajem i serwis.","robots":{"index":"noindex","follow":"follow","max-snippet":"max-snippet:-1","max-image-preview":"max-image-preview:large","max-video-preview":"max-video-preview:-1"},"og_locale":"pl_PL","og_type":"article","og_title":"Strona g\u0142\u00f3wna - \u0141adowarki teleskopowe wynajem i serwis.","og_description":"Here&#8217;s main header We will put some text here, to show what does the company do?","og_url":"https:\/\/berelt.kamiljuszczak.pl\/","og_site_name":"\u0141adowarki teleskopowe wynajem i serwis.","article_modified_time":"2025-10-20T13:59:18+00:00","twitter_card":"summary_large_image","twitter_misc":{"Szacowany czas czytania":"1 minuta"},"schema":{"@context":"https:\/\/schema.org","@graph":[{"@type":"WebPage","@id":"https:\/\/berelt.kamiljuszczak.pl\/","url":"https:\/\/berelt.kamiljuszczak.pl\/","name":"Strona g\u0142\u00f3wna - \u0141adowarki teleskopowe wynajem i serwis.","isPartOf":{"@id":"https:\/\/berelt.kamiljuszczak.pl\/#website"},"datePublished":"2025-10-18T22:57:05+00:00","dateModified":"2025-10-20T13:59:18+00:00","breadcrumb":{"@id":"https:\/\/berelt.kamiljuszczak.pl\/#breadcrumb"},"inLanguage":"pl-PL","potentialAction":[{"@type":"ReadAction","target":["https:\/\/berelt.kamiljuszczak.pl\/"]}]},{"@type":"BreadcrumbList","@id":"https:\/\/berelt.kamiljuszczak.pl\/#breadcrumb","itemListElement":[{"@type":"ListItem","position":1,"name":"Strona g\u0142\u00f3wna","item":"https:\/\/berelt.kamiljuszczak.pl\/"},{"@type":"ListItem","position":2,"name":"Strona g\u0142\u00f3wna"}]},{"@type":"WebSite","@id":"https:\/\/berelt.kamiljuszczak.pl\/#website","url":"https:\/\/berelt.kamiljuszczak.pl\/","name":"\u0141adowarki teleskopowe wynajem i serwis.","description":"Naprawa i wynajem \u0142adowarek teleskopowych, koparek, si\u0142ownik\u00f3w i rozdzielaczy hydraulicznych. Wynajem z operatorem.","publisher":{"@id":"https:\/\/berelt.kamiljuszczak.pl\/#organization"},"potentialAction":[{"@type":"SearchAction","target":{"@type":"EntryPoint","urlTemplate":"https:\/\/berelt.kamiljuszczak.pl\/?s={search_term_string}"},"query-input":{"@type":"PropertyValueSpecification","valueRequired":true,"valueName":"search_term_string"}}],"inLanguage":"pl-PL"},{"@type":"Organization","@id":"https:\/\/berelt.kamiljuszczak.pl\/#organization","name":"\u0141adowarki teleskopowe wynajem i serwis.","url":"https:\/\/berelt.kamiljuszczak.pl\/","logo":{"@type":"ImageObject","inLanguage":"pl-PL","@id":"https:\/\/berelt.kamiljuszczak.pl\/#\/schema\/logo\/image\/","url":"https:\/\/berelt.kamiljuszczak.pl\/wp-content\/uploads\/2025\/10\/logo-ladowarka-teleskopowa-beztla.avif","contentUrl":"https:\/\/berelt.kamiljuszczak.pl\/wp-content\/uploads\/2025\/10\/logo-ladowarka-teleskopowa-beztla.avif","width":743,"height":432,"caption":"\u0141adowarki teleskopowe wynajem i serwis."},"image":{"@id":"https:\/\/berelt.kamiljuszczak.pl\/#\/schema\/logo\/image\/"}}]}},"_links":{"self":[{"href":"https:\/\/berelt.kamiljuszczak.pl\/index.php?rest_route=\/wp\/v2\/pages\/16","targetHints":{"allow":["GET"]}}],"collection":[{"href":"https:\/\/berelt.kamiljuszczak.pl\/index.php?rest_route=\/wp\/v2\/pages"}],"about":[{"href":"https:\/\/berelt.kamiljuszczak.pl\/index.php?rest_route=\/wp\/v2\/types\/page"}],"author":[{"embeddable":true,"href":"https:\/\/berelt.kamiljuszczak.pl\/index.php?rest_route=\/wp\/v2\/users\/1"}],"replies":[{"embeddable":true,"href":"https:\/\/berelt.kamiljuszczak.pl\/index.php?rest_route=%2Fwp%2Fv2%2Fcomments&post=16"}],"version-history":[{"count":79,"href":"https:\/\/berelt.kamiljuszczak.pl\/index.php?rest_route=\/wp\/v2\/pages\/16\/revisions"}],"predecessor-version":[{"id":228,"href":"https:\/\/berelt.kamiljuszczak.pl\/index.php?rest_route=\/wp\/v2\/pages\/16\/revisions\/228"}],"wp:attachment":[{"href":"https:\/\/berelt.kamiljuszczak.pl\/index.php?rest_route=%2Fwp%2Fv2%2Fmedia&parent=16"}],"curies":[{"name":"wp","href":"https:\/\/api.w.org\/{rel}","templated":true}]}}